ghest common factor of n and w.
9
Let m = -73 - -94. Suppose -5*s - 19 = -h, 37 = 3*h + 5*s - 0*s. What is the highest common divisor of m and h?
7
Suppose -31*q + 12386 + 12600 = 0. What is the greatest common factor of q and 78?
26
Suppose -x - 34 = -98. Calculate the greatest common divisor of x and 8.
8
Suppose -25*k - 172 = -622. What is the greatest common divisor of 16 and k?
2
Let z = 574 + -568. What is the greatest common divisor of 57 and z?
3
Let r(v) = -v**2 + 7*v + 8. Let i be r(8). Suppose 0*q + 5*q - 640 = i. Calculate the highest common factor of q and 32.
32
Suppose 4*d + 3*r = 41, -5*d + 26 = -3*d - 4*r. Let h = 64 - 62. Suppose -9 + 1 = -2*o + 2*k, -3*k - 11 = -h*o. What is the greatest common factor of o and d?
1
Let q = 36 + -21. Let j(o) = -7*o + 751. Let b be j(88). Calculate the highest common divisor of q and b.
15
Let j(h) = h**3 - 5*h**2 + 1. Let m be j(6). Let i = -2186 + 2445. Calculate the greatest common divisor of m and i.
37
Let q = -6 - -16. Let v = 12 + q. Let y = v + -6. Calculate the highest common factor of 40 and y.
8
Let z be -3*3/21 - 7215/(-273). Suppose -2*p - 3*t = 3*p - 1158, 0 = 3*p - 3*t - 714. What is the highest common factor of z and p?
26
Suppose 0 = -5*v - 5*r + 25, 0 = -0*v - 2*v - 4*r + 18. Let b = -3 + 6. Suppose -b*f = f - 4. Calculate the highest common factor of f and v.
1
Let q be (-4)/(-8)*(1 + 335). What is the highest common divisor of 24 and q?
24
Suppose -2*l - l - 16 = -5*k, 7 = -l + 2*k. Let t(a) = 2*a**2 - 2*a - 4. Let j be t(l). Let v be 166/4 + 4/j. Calculate the greatest common factor of v and 14.
14
Suppose 0 = n - n - 2*n. Let q be 23/2 + n + (-5)/(-10). Let m be -20*4/((-16)/6). What is the highest common factor of m and q?
6
Let w be (-4 + (0 - -3))*41. Let s be (12 - (-1)/1) + 41/w. What is the highest common factor of s and 132?
12
Let h be ((4/6)/(6/45))/1. What is the highest common divisor of 55 and h?
5
Suppose 0 = 4*g - 4*p - 8, 4*g + 6*p = p + 26. Suppose g*x - 4*t = 3*x + 15, -x + t = -9. Calculate the highest common divisor of x and 28.
7
Suppose -66 = 3*n - 36*n. Calculate the highest common divisor of 16 and n.
2
Let h = 1569 - 1441. Let v(d) = -d**3 - d + 16. Let l be v(0). Calculate the highest common factor of h and l.
16
Suppose -158 = 15*t + 22. Let m be (6/t + (-3094)/4)/(-2). What is the highest common divisor of 43 and m?
43
Let h be 3/2*(1 + -3). Let o be (91/4)/(2 + (-56)/32). Let l be 1*h - o/(-1). What is the highest common divisor of 22 and l?
22
Let v = -218 + 322. Let x(o) = 5*o - 157. Let i be x(34). What is the greatest common factor of i and v?
13
Let z be ((-144)/(-15))/(18/300). Calculate the greatest common factor of 16 and z.
16
Let v(m) = 106*m**2 - m. Let c be v(1). Suppose 2*q - 7*q = -c. Suppose 0 = 5*l + 49 - 84. Calculate the greatest common factor of l and q.
7
Let f(a) = a**2 - 3*a - 2. Let x be f(-2). Let m be x/12 - (-3)/9. Suppose m = -5*g - 4*u + 19, 3*g + 4*u = 14. Calculate the highest common factor of g and 18.
2
Let d = 15 + 33. Suppose 12*j - j - j = 0. Suppose -40 - 33 = -4*x - 3*s, -3*x + s + 45 = j. What is the highest common factor of x and d?
16
Let h be 2*1*(-1)/2. Let b = -14 + h. Let t be (-18)/b*(4 - -1). What is the highest common factor of 2 and t?
2
Let g = -359 - -635. Let o = g + -165. What is the greatest common factor of 37 and o?
37
Suppose -215 = -7*n + 156. Calculate the greatest common divisor of n and 53.
53
Let q(g) = 3*g + 30. Let k be q(8). What is the highest common factor of k and 1242?
54
Let o be ((-224)/6)/((-6)/18). Let p = o - 91. Calculate the greatest common divisor of p and 189.
21
Suppose -2*i = 2*i - 780. Suppose 0 = -3*h - 0*h + i. Let p = 183 + h. Calculate the highest common factor of 31 and p.
31
Let m be 4 + (5*8)/(-2). Let y = m + 24. Calculate the highest common divisor of 8 and y.
8
Let n(s) = -8*s + 7. Let w be n(-7). Suppose -798 = -7*u - 12*u. What is the greatest common divisor of w and u?
21
Let a(g) = g**3 + 4*g**2 + 2*g + 8. Let l be a(-4). Let x be -1 + 5 + 2 + l. Let o be (1 + (-6)/4)*-24. What is the greatest common divisor of x and o?
6
Suppose -2*l + 8 = -0*l. Suppose l*o = 0, 0 = 2*g - 5*o + 3*o + 44. Let u = g + 26. Calculate the greatest common factor of 4 and u.
4
Let h = 250 - -62. Calculate the highest common factor of 39 and h.
39
Let y be (-51 - -35)*2*-3. Calculate the highest common factor of 132 and y.
12
Let n be 2/4 + (-105)/(-10). Let v = -6 - 13. Let w = n - v. Calculate the greatest common divisor of w and 12.
6
Suppose -4*n - 5*i + 307 = 0, -2*i = -n + 109 - 29. Suppose -4*g - n - 138 = -4*o, 5*g = 4*o - 219. Calculate the highest common divisor of 34 and o.
17
Let w be (1 - 71)/(-4 - (-6 - -3)). What is the greatest common divisor of 20 and w?
10
Let a be ((-17)/(-3))/(1/3). Let u(o) = -o**3 + 6*o**2 - 5*o + 5. Let m be u(4). Suppose 4*b - m - 51 = 0. Calculate the greatest common divisor of a and b.
17
Let y = -99 + 144. Suppose y = -4*t - 3*n, -4*t - n - 46 = n. Let d be 3 + (-8)/t*12. What is the highest common factor of d and 77?
11
Suppose 0 = -3*v - 5*t - 37 + 145, 5*v - t - 180 = 0. Suppose 0*n - 4*n + 32 = -l, -l + 49 = 5*n. Calculate the greatest common divisor of n and v.
9
Let c be (4 - 1140/(-21))/(2/14). Calculate the highest common factor of 51 and c.
51
Suppose 2*y - 8 = -0*k - 3*k, 2*k + 11 = y. Let o = 30 - y. Calculate the highest common divisor of 253 and o.
23
Suppose 0 = -b - 12. Let t(v) = v**2 + 10*v + 8. Let f be t(b). What is the greatest common divisor of f and 32?
32
Let w = -137 - -138. Calculate the highest common factor of 17 and w.
1
Suppose 114 + 180 = 14*c. What is the highest common factor of c and 231?
21
Suppose 0*m - 5*v = m + 11, -4*m + 2*v = 0. Let p = 2 + m. Let n = p + 16. Calculate the highest common divisor of n and 136.
17
Let b(q) = -q**2 - 20*q - 8. Let z(t) = -t + 3. Let k be z(-6). Suppose k*d - 4*d = -95. Let w be b(d). What is the highest common divisor of w and 22?
11
Let n = -557 + 690. What is the highest common factor of n and 21?
7
Suppose 5*c = 7*c. Suppose -15 = -5*g - c*g, -4*z - g + 171 = 0. What is the greatest common divisor of z and 14?
14
Let a be (-1)/3 - (-70)/(-6). Let q be 1/(1 + a/14). Suppose 0 = 4*h - 110 - 114. Calculate the highest common factor of q and h.
7
Suppose 0*i = 3*i - 12. Suppose 2*h - 150 = -5*l, -2*h = 2*l - 27 - 39. Calculate the greatest common divisor of l and i.
4
Suppose 0 = -2*n - g + 258, 3*n - g - g = 387. What is the greatest common divisor of n and 129?
129
Let r = -278 - -467. What is the highest common divisor of 7 and r?
7
Let i(t) = 3*t - 1. Let b = 10 + -8. Let u be i(b). Suppose -229 + 9 = -4*o. What is the greatest common divisor of o and u?
5
Let d(r) = r**2 - 8*r + 10. Let k be d(7). Suppose -2*q - 15 = k*q, 2*u + q - 7 = 0. Let o = 253 + -238. Calculate the highest common divisor of o and u.
5
Let h(f) = -7 - 3*f + 5*f - 3*f. Let z be h(-9). Calculate the greatest common divisor of z and 5.
1
Let i(z) = z**3 + 13*z**2 + 2*z + 7. Let b be i(-6). Suppose 9*o - b = 41. Calculate the highest common divisor of 16 and o.
16
Let c be 2*4/(-40) - (-438)/15. Let b = c + 7. Let k be 6 + 0 - (0 + 2). Calculate the highest common divisor of b and k.
4
Let g(c) = c**3 - 17*c**2 - 17*c - 16. Let u be g(18). Suppose -4*r = -o - r + 14, 0 = -u*r - 2. Calculate the greatest common factor of 11 and o.
11
Let x(y) = -y**2 + 7*y + 4. Let g = 6 + 1. Let n be x(g). Suppose -2*b + 34 = 2*o, 2*o - n*b = 3*o - 2. Calculate the highest common factor of 2 and o.
2
Let h(c) = 22*c + 75. Let v be h(-2). Calculate the greatest common factor of v and 2.
1
Let h = -17 + 13. Let s = 14 + h. Suppose 4*f - s*f + 72 = 0. Calculate the highest common factor of 48 and f.
12
Let n be (6/10)/(8/360). Suppose 0 = -3*h + 3*b - 3, -2*h - 12 = -5*b + 2. What is the greatest common divisor of h and n?
3
Let b(y) = -y**3 + 8*y**2 - 6*y + 9. Let m be 78/12 - 1/2. Let f be b(m). Calculate the greatest common divisor of f and 18.
9
Let o(b) = 2*b + 9. Let g be o(3). What is the greatest common divisor of g and 165?
15
Suppose 1474 = 17*f - 651. Calculate the highest common factor of 5 and f.
5
Let w(s) = s**3 + 15*s**2 + 8*s + 4. Let j be w(-6). Suppose -2*h + 110 = -22*n + 27*n, h - 5 =